composite?
False
Is 13974733 a composite number?
True
Is 13885535 composite?
True
Is 726893 composite?
False
Is 131203 a prime number?
True
Is 15107819 prime?
False
Is 153157 composite?
True
Is 1583447 a prime number?
True
Is 245621 prime?
True
Is 31490741 a prime number?
True
Is 21629687 prime?
True
Is 24454247 composite?
False
Is 7678687 prime?
False
Is 2669143 composite?
True
Is 227947 a composite number?
False
Is 130331813 composite?
False
Is 7683259 a prime number?
True
Is 498851 a prime number?
False
Is 27210077 a prime number?
True
Is 407311 prime?
True
Is 363907787 prime?
True
Is 8878585 prime?
False
Is 26436329 a prime number?
False
Is 8074342 a composite number?
True
Is 95381371 prime?
True
Is 3848927 a prime number?
False
Is 18770831 a composite number?
False
Is 3758449 composite?
True
Is 1019651 composite?
True
Is 225711169 composite?
True
Is 1927999 composite?
True
Is 1755857 a composite number?
True
Is 59311157 prime?
False
Is 10599893 composite?
False
Is 409761283 a composite number?
True
Is 102991829 a prime number?
True
Is 1065361 a prime number?
False
Is 230081543 composite?
False
Is 2334139 composite?
False
Is 11681113 a prime number?
False
Is 50506705 a prime number?
False
Is 242750879 a prime number?
False
Is 47778767 composite?
False
Is 70841209 a composite number?
True
Is 46693807 composite?
False
Is 59249 a composite number?
True
Is 12534421 prime?
True
Is 133862767 composite?
False
Is 33511895 prime?
False
Is 36721 composite?
False
Is 552229 a composite number?
True
Is 26189437 a composite number?
False
Is 69728837 prime?
False
Is 229457479 prime?
False
Is 5523061 a composite number?
False
Is 2070371 a prime number?
True
Is 806438 a composite number?
True
Is 396562235 prime?
False
Is 38380663 prime?
True
Is 9110873 prime?
True
Is 7263551 a prime number?
True
Is 321073 composite?
False
Is 3159707 a composite number?
False
Is 2479871 composite?
True
Is 368318851 a composite number?
False
Is 32995631 prime?
True
Is 2236973 a composite number?
True
Is 75467651 prime?
False
Is 1225592393 a prime number?
True
Is 10458661 prime?
True
Is 19937 a composite number?
False
Is 121593286 prime?
False
Is 1327063 composite?
False
Is 6893191 a prime number?
False
Is 16685441 composite?
False
Is 13006711 prime?
True
Is 9450851 a composite number?
False
Is 314387 a composite number?
True
Is 3723619 a composite number?
True
Is 1370641 a composite number?
True
Is 8646673 a prime number?
False
Is 204153559 a composite number?
False
Is 4582717 a prime number?
True
Is 5176901 a composite number?
True
Is 13660357 a composite number?
True
Is 4850317 a composite number?
False
Is 7799251 prime?
True
Is 108124123 composite?
False
Is 77167793 a composite number?
False
Is 53655439 prime?
False
Is 1457633 prime?
True
Is 408847 a composite number?
True
Is 5440439 composite?
True
Is 1328854 a composite number?
True
Is 15066683 a composite number?
False
Is 37252759 composite?
False
Is 29402869 composite?
False
Is 4949777 a composite number?
True
Is 30287743 a composite number?
False
Is 75889301 a composite number?
True
Is 286381 composite?
False
Is 22646573 composite?
False
Is 3495391 a composite number?
True
Is 94484113 composite?
True
Is 121230773 a composite number?
True
Is 225120809 composite?
True
Is 253703 a prime number?
True
Is 4833011 a prime number?
False
Is 8222413 prime?
True
Is 66819647 a composite number?
False
Is 62774333 composite?
False
Is 356413 composite?
True
Is 155692349 a prime number?
False
Is 9478307 a composite number?
False
Is 64242791 a composite number?
False
Is 667949 prime?
True
Is 1012262 a composite number?
True
Is 307547473 prime?
False
Is 2006395 composite?
True
Is 1820237 prime?
True
Is 28467867 composite?
True
Is 58373687 prime?
True
Is 5140763 a prime number?
True
Is 45420827 a composite number?
True
Is 2439865 a prime number?
False
Is 100864037 a composite number?
True
Is 231030517 a composite number?
False
Is 414328939 prime?
False
Is 31209709 composite?
False
Is 111207279 a prime number?
False
Is 15327173 a composite number?
False
Is 3395533 a composite number?
True
Is 27638627 prime?
False
Is 3124421 a composite number?
False
Is 3060671 a prime number?
False
Is 14544899 prime?
False
Is 9695603 prime?
True
Is 30324757 composite?
True
Is 34501393 a composite number?
False
Is 3903851 prime?
False
Is 3262177 a composite number?
False
Is 92230013 a prime number?
False
Is 42918781 composite?
False
Is 6107999 prime?
True
Is 16546181 a prime number?
True
Is 24416647 a prime number?
False
Is 11719079 prime?
True
Is 28588009 a prime number?
False
Is 44407933 composite?
False
Is 248736569 a prime number?
True
Is 87160781 a composite number?
False
Is 2435707 composite?
False
Is 276429 composite?
True
Is 29736923 a composite number?
True
Is 28730191 a composite number?
True
Is 4868711 a composite number?
False
Is 3278703 prime?
False
Is 175288481 composite?
True
Is 4328391 a prime number?
False
Is 1983622 a composite number?
True
Is 8903135 a composite number?
True
Is 64970851 prime?
False
Is 7728841 a composite number?
False
Is 1863341 a prime number?
False
Is 74767081 prime?
False
Is 3689627 prime?
False
Is 724544039 composite?
False
Is 524428811 a composite number?
False
Is 321938371 prime?
True
Is 151430201 composite?
True
Is 3434749 a composite number?
False
Is 65550239 prime?
False
Is 134077 composite?
False
Is 3631121 a prime number?
False
Is 2693515021 a prime number?
True
Is 1407449 prime?
True
Is 82458863 composite?
False
Is 40930027 a prime number?
False
Is 101651897 prime?
False
Is 27762209 composite?
True
Is 3811697 composite?
True
Is 37209527 a prime number?
True
Is 106946207 prime?
True
Is 839831 prime?
True
Is 500827 prime?
False
Is 344081 a composite number?
True
Is 142567987 a composite number?
True
Is 9907517 a composite number?
False
Is 932687 composite?
True
Is 80605379 prime?
False
Is 43951499 a composite number?
False
Is 1938301 composite?
False
Is 79037419 a composite number?
False
Is 43345 composite?
True
Is 12451 composite?
False
Is 7793969 prime?
True
Is 1354687 prime?
True
Is 15912263 a composite number?
False
Is 732707 a composite number?
True
Is 2166581 a prime number?
True
Is 3038485 prime?
False
Is 40664593 a prime number?
True
Is 143100707 a prime number?
True
Is 4456063 a composite number?
False
Is 23848973 a composite number?
False
Is 3496151 composite?
False
Is 60509431 composite?
True
Is 109487 prime?
False
Is 228773 prime?
True
Is 260311 composite?
True
Is 153379 prime?
True
Is 3726289 a composite number?
True
Is 15081883 prime?
True
Is 124713761 a composite number?
False
Is 477053803 a prime number?
True
Is 59480387 composite?
True
Is 4765171 prime?
True
Is 19619099 prime?
False
Is 12855203 a composite number?
True
Is 62899099 composite?
True
Is 29344789 composite?
False
Is 13528562 composite?
True
Is 335171 composite?
False
Is 4322863 a prime number?
True
Is 15701633 a composite number?
False
Is 52791343 composite?
True
Is 72325423 composite?
False
Is 109145923 a composite number?
False
Is 9584083 a composite number?
True
Is 29134709 prime?
False
Is 35416379 a composite number?
True
Is 10260917 composite?
False
Is 372916187 a composite number?
True
Is 29610754 composite?
True
Is 670987 a composite number?
False
Is 144348385 composite?
True
Is 21218341 prime?
False
Is 61099007 a prime number?
True
Is 1689757 a prime number?
True
Is 1716307 prime?
False
Is 3026729 composite?
True
Is 5384089 composite?
True
Is 15466381 a prime number?
False
Is 593471 a prime number?
False
Is 27912903 a composite number?
True
Is 1009018213 composite?
True
Is 701483 prime?
False
Is 1146185 a prime number?
False
Is 62926477 composite?
False
Is 3339298 a composite number?
True
Is 143779751 a prime number?
True
Is 258745 a prime number?
False
Is 39819341 a prime number?
False
Is 181514639 a composite number?
False
Is 909864239 a prime number?
True
Is 60565277 composite?
True
Is 21302291 a composite number?
False
Is 309305254 composite?
True
Is 34899677 composite?
False
Is 212413 a composite number?
True
Is 311737 a prime number?
True
Is 206749 composite?
False
Is 4333877 a prime number?
True
Is 4725727 a prime number?
True
Is 84846481 a composite number?
True
Is 139580255 a prime number?
False
Is 848291 a 